{"id":126,"date":"2026-04-20T08:34:18","date_gmt":"2026-04-20T08:34:18","guid":{"rendered":"https:\/\/faria.ptis03.pt\/?page_id=126"},"modified":"2026-04-20T08:45:40","modified_gmt":"2026-04-20T08:45:40","slug":"moda","status":"publish","type":"page","link":"https:\/\/faria.ptis03.pt\/?page_id=126","title":{"rendered":"Moda"},"content":{"rendered":"\n<h2 style=\"opacity: 0;\" superb-addons-animation=\"fadeInDown\" class=\"wp-block-heading\">Funcionalidade Ilusionista (P\u00e9s e M\u00e3os)<\/h2>\n\n\n\n<figure style=\"opacity: 0;\" superb-addons-animation=\"fadeInDown\" class=\"wp-block-image alignleft size-full\"><img loading=\"lazy\" decoding=\"async\" width=\"246\" height=\"184\" src=\"http:\/\/faria.ptis03.pt\/wp-content\/uploads\/2026\/04\/image-25.png\" alt=\"\" class=\"wp-image-130\"\/><\/figure>\n\n\n\n<ul class=\"wp-block-list\">\n<li style=\"opacity: 0;\" superb-addons-animation=\"fadeInDown\"><strong>Meias Brancas e Mocassim Preto<\/strong>: Tradicionalmente considerado um erro de moda, Michael usava essa combina\u00e7\u00e3o porque as meias brancas refletiam a luz no palco, destacando cada movimento r\u00e1pido de seus p\u00e9s e tornando passos como o\u00a0<strong>Moonwalk<\/strong>\u00a0visualmente mais n\u00edtidos para quem estava no fundo do est\u00e1dio.<\/li>\n\n\n\n<li style=\"opacity: 0;\" superb-addons-animation=\"fadeInDown\"><strong>A Luva \u00danica<\/strong>: Criada para atrair o olhar para as suas m\u00e3os durante os gestos r\u00edtmicos, a luva de cristais (usada quase sempre na m\u00e3o direita) tornou-se seu maior s\u00edmbolo.<\/li>\n\n\n\n<li style=\"opacity: 0;\" superb-addons-animation=\"fadeInDown\"><strong>Fita nos Dedos<\/strong>: Ele costumava colocar fitas brancas nas pontas dos dedos para que, ao dan\u00e7ar, o p\u00fablico visse o rastro de luz de suas m\u00e3os se movendo contra o fundo escuro do palco.<\/li>\n<\/ul>\n\n\n\n<h2 style=\"opacity: 0;\" superb-addons-animation=\"fadeInDown\" class=\"wp-block-heading\">O Estilo Militar e a Realeza Pop<\/h2>\n\n\n\n<figure style=\"opacity: 0;\" superb-addons-animation=\"fadeInDown\" class=\"wp-block-image alignright size-full\"><img loading=\"lazy\" decoding=\"async\" width=\"277\" height=\"183\" src=\"http:\/\/faria.ptis03.pt\/wp-content\/uploads\/2026\/04\/image-26.png\" alt=\"\" class=\"wp-image-131\"\/><\/figure>\n\n\n\n<ul class=\"wp-block-list\">\n<li style=\"opacity: 0;\" superb-addons-animation=\"fadeInDown\"><strong>Jaquetas Estruturadas<\/strong>: Suas jaquetas militares com ombreiras largas serviam para dar uma presen\u00e7a imponente ao seu porte f\u00edsico magro.<\/li>\n\n\n\n<li style=\"opacity: 0;\" superb-addons-animation=\"fadeInDown\"><strong>A Bra\u00e7adeira (Armband)<\/strong>: Quase sempre presente em suas jaquetas, a faixa no bra\u00e7o era uma marca pessoal que ele dizia simbolizar o sofrimento das crian\u00e7as no mundo.<\/li>\n\n\n\n<li style=\"opacity: 0;\" superb-addons-animation=\"fadeInDown\"><strong>Pe\u00e7as Ic\u00f4nicas<\/strong>: A jaqueta de couro vermelha de\u00a0<em>&#8220;Beat It&#8221;<\/em>\u00a0e a vermelha com preto de\u00a0<em>&#8220;Thriller&#8221;<\/em>\u00a0definiram o visual da juventude nos anos 80 e s\u00e3o itens de colecionador vendidos por milh\u00f5es hoje em dia.<\/li>\n<\/ul>\n\n\n\n<h2 style=\"opacity: 0;\" superb-addons-animation=\"fadeInDown\" class=\"wp-block-heading\">Impacto na Alta Costura<\/h2>\n\n\n\n<figure style=\"opacity: 0;\" superb-addons-animation=\"fadeInDown\" class=\"wp-block-image alignleft size-full\"><img loading=\"lazy\" decoding=\"async\" width=\"199\" height=\"254\" src=\"http:\/\/faria.ptis03.pt\/wp-content\/uploads\/2026\/04\/image-27.png\" alt=\"\" class=\"wp-image-132\"\/><\/figure>\n\n\n\n<p style=\"opacity: 0;\" superb-addons-animation=\"fadeInDown\">O &#8220;efeito Michael&#8221; \u00e9 vis\u00edvel nas passarelas de luxo at\u00e9 hoje:<\/p>\n\n\n\n<ul class=\"wp-block-list\">\n<li style=\"opacity: 0;\" superb-addons-animation=\"fadeInDown\"><strong>Balmain e Givenchy<\/strong>: O estilista Olivier Rousteing da\u00a0Balmain\u00a0frequentemente lan\u00e7a cole\u00e7\u00f5es inteiras inspiradas em Michael, usando as famosas ombreiras e bordados militares.<\/li>\n\n\n\n<li style=\"opacity: 0;\" superb-addons-animation=\"fadeInDown\"><strong>Dior e Louis Vuitton<\/strong>: Marcas como a\u00a0Dior\u00a0sob o comando de Hedi Slimane e a Louis Vuitton j\u00e1 criaram pe\u00e7as que homenageiam o Rei do Pop, provando que seu estilo transcende \u00e9pocas.<\/li>\n<\/ul>\n\n\n\n<ul class=\"wp-block-list\">\n<li style=\"opacity: 0;\" superb-addons-animation=\"fadeInDown\">Para al\u00e9m do estilo, Michael utilizava a moda como um\u00a0<strong>manifesto visual<\/strong>, onde as suas jaquetas militares simbolizavam uma &#8216;luta pela paz&#8217; e as bra\u00e7adeiras serviam como um lembrete constante do seu compromisso com as crian\u00e7as e as causas sociais em cada performance.<\/li>\n<\/ul>\n\n\n\n<h2 style=\"opacity: 0;\" superb-addons-animation=\"fadeInDown\" class=\"wp-block-heading\">O Chap\u00e9u Fedora<\/h2>\n\n\n\n<figure style=\"opacity: 0;\" superb-addons-animation=\"fadeInDown\" class=\"wp-block-image alignright size-full\"><img loading=\"lazy\" decoding=\"async\" width=\"225\" height=\"225\" src=\"http:\/\/faria.ptis03.pt\/wp-content\/uploads\/2026\/04\/image-28.png\" alt=\"\" class=\"wp-image-133\" srcset=\"https:\/\/faria.ptis03.pt\/wp-content\/uploads\/2026\/04\/image-28.png 225w, https:\/\/faria.ptis03.pt\/wp-content\/uploads\/2026\/04\/image-28-150x150.png 150w\" sizes=\"auto, (max-width: 225px) 100vw, 225px\" \/><\/figure>\n\n\n\n<p style=\"opacity: 0;\" superb-addons-animation=\"fadeInDown\">O chap\u00e9u n\u00e3o era apenas estilo; era uma ferramenta de performance. Em\u00a0<em>&#8220;Billie Jean&#8221;<\/em>, o ato de colocar o chap\u00e9u marcava o in\u00edcio da &#8220;magia&#8221;. Ele tamb\u00e9m o usava para cobrir parte do rosto, criando um ar de mist\u00e9rio e protegendo sua privacidade dos holofotes.<\/p>\n","protected":false},"excerpt":{"rendered":"<p>Funcionalidade Ilusionista (P\u00e9s e M\u00e3os) O Estilo Militar e a Realeza Pop Impacto na Alta Costura O &#8220;efeito Michael&#8221; \u00e9 vis\u00edvel nas passarelas de luxo at\u00e9 hoje: O Chap\u00e9u Fedora O chap\u00e9u n\u00e3o era apenas estilo; era uma ferramenta de performance. Em\u00a0&#8220;Billie Jean&#8221;, o ato de colocar o chap\u00e9u marcava o in\u00edcio da &#8220;magia&#8221;. Ele [&hellip;]<\/p>\n","protected":false},"author":1,"featured_media":0,"parent":0,"menu_order":0,"comment_status":"closed","ping_status":"closed","template":"","meta":{"_animmysite_disable_animation":false,"footnotes":""},"class_list":["post-126","page","type-page","status-publish","hentry"],"_links":{"self":[{"href":"https:\/\/faria.ptis03.pt\/index.php?rest_route=\/wp\/v2\/pages\/126","targetHints":{"allow":["GET"]}}],"collection":[{"href":"https:\/\/faria.ptis03.pt\/index.php?rest_route=\/wp\/v2\/pages"}],"about":[{"href":"https:\/\/faria.ptis03.pt\/index.php?rest_route=\/wp\/v2\/types\/page"}],"author":[{"embeddable":true,"href":"https:\/\/faria.ptis03.pt\/index.php?rest_route=\/wp\/v2\/users\/1"}],"replies":[{"embeddable":true,"href":"https:\/\/faria.ptis03.pt\/index.php?rest_route=%2Fwp%2Fv2%2Fcomments&post=126"}],"version-history":[{"count":3,"href":"https:\/\/faria.ptis03.pt\/index.php?rest_route=\/wp\/v2\/pages\/126\/revisions"}],"predecessor-version":[{"id":135,"href":"https:\/\/faria.ptis03.pt\/index.php?rest_route=\/wp\/v2\/pages\/126\/revisions\/135"}],"wp:attachment":[{"href":"https:\/\/faria.ptis03.pt\/index.php?rest_route=%2Fwp%2Fv2%2Fmedia&parent=126"}],"curies":[{"name":"wp","href":"https:\/\/api.w.org\/{rel}","templated":true}]}}

<h2 style="opacity: 0;" superb-addons-animation="fadeInDown" class="wp-block-heading">Funcionalidade Ilusionista (Pés e Mãos)</h2>



<figure style="opacity: 0;" superb-addons-animation="fadeInDown" class="wp-block-image alignleft size-full"><img loading="lazy" decoding="async" width="246" height="184" src="http://faria.ptis03.pt/wp-content/uploads/2026/04/image-25.png" alt="" class="wp-image-130"/></figure>



<ul class="wp-block-list">
<li style="opacity: 0;" superb-addons-animation="fadeInDown"><strong>Meias Brancas e Mocassim Preto</strong>: Tradicionalmente considerado um erro de moda, Michael usava essa combinação porque as meias brancas refletiam a luz no palco, destacando cada movimento rápido de seus pés e tornando passos como o <strong>Moonwalk</strong> visualmente mais nítidos para quem estava no fundo do estádio.</li>



<li style="opacity: 0;" superb-addons-animation="fadeInDown"><strong>A Luva Única</strong>: Criada para atrair o olhar para as suas mãos durante os gestos rítmicos, a luva de cristais (usada quase sempre na mão direita) tornou-se seu maior símbolo.</li>



<li style="opacity: 0;" superb-addons-animation="fadeInDown"><strong>Fita nos Dedos</strong>: Ele costumava colocar fitas brancas nas pontas dos dedos para que, ao dançar, o público visse o rastro de luz de suas mãos se movendo contra o fundo escuro do palco.</li>
</ul>



<h2 style="opacity: 0;" superb-addons-animation="fadeInDown" class="wp-block-heading">O Estilo Militar e a Realeza Pop</h2>



<figure style="opacity: 0;" superb-addons-animation="fadeInDown" class="wp-block-image alignright size-full"><img loading="lazy" decoding="async" width="277" height="183" src="http://faria.ptis03.pt/wp-content/uploads/2026/04/image-26.png" alt="" class="wp-image-131"/></figure>



<ul class="wp-block-list">
<li style="opacity: 0;" superb-addons-animation="fadeInDown"><strong>Jaquetas Estruturadas</strong>: Suas jaquetas militares com ombreiras largas serviam para dar uma presença imponente ao seu porte físico magro.</li>



<li style="opacity: 0;" superb-addons-animation="fadeInDown"><strong>A Braçadeira (Armband)</strong>: Quase sempre presente em suas jaquetas, a faixa no braço era uma marca pessoal que ele dizia simbolizar o sofrimento das crianças no mundo.</li>



<li style="opacity: 0;" superb-addons-animation="fadeInDown"><strong>Peças Icônicas</strong>: A jaqueta de couro vermelha de <em>&#8220;Beat It&#8221;</em> e a vermelha com preto de <em>&#8220;Thriller&#8221;</em> definiram o visual da juventude nos anos 80 e são itens de colecionador vendidos por milhões hoje em dia.</li>
</ul>



<h2 style="opacity: 0;" superb-addons-animation="fadeInDown" class="wp-block-heading">Impacto na Alta Costura</h2>



<figure style="opacity: 0;" superb-addons-animation="fadeInDown" class="wp-block-image alignleft size-full"><img loading="lazy" decoding="async" width="199" height="254" src="http://faria.ptis03.pt/wp-content/uploads/2026/04/image-27.png" alt="" class="wp-image-132"/></figure>



<p style="opacity: 0;" superb-addons-animation="fadeInDown">O &#8220;efeito Michael&#8221; é visível nas passarelas de luxo até hoje:</p>



<ul class="wp-block-list">
<li style="opacity: 0;" superb-addons-animation="fadeInDown"><strong>Balmain e Givenchy</strong>: O estilista Olivier Rousteing da Balmain frequentemente lança coleções inteiras inspiradas em Michael, usando as famosas ombreiras e bordados militares.</li>



<li style="opacity: 0;" superb-addons-animation="fadeInDown"><strong>Dior e Louis Vuitton</strong>: Marcas como a Dior sob o comando de Hedi Slimane e a Louis Vuitton já criaram peças que homenageiam o Rei do Pop, provando que seu estilo transcende épocas.</li>
</ul>



<ul class="wp-block-list">
<li style="opacity: 0;" superb-addons-animation="fadeInDown">Para além do estilo, Michael utilizava a moda como um <strong>manifesto visual</strong>, onde as suas jaquetas militares simbolizavam uma &#8216;luta pela paz&#8217; e as braçadeiras serviam como um lembrete constante do seu compromisso com as crianças e as causas sociais em cada performance.</li>
</ul>



<h2 style="opacity: 0;" superb-addons-animation="fadeInDown" class="wp-block-heading">O Chapéu Fedora</h2>



<figure style="opacity: 0;" superb-addons-animation="fadeInDown" class="wp-block-image alignright size-full"><img loading="lazy" decoding="async" width="225" height="225" src="http://faria.ptis03.pt/wp-content/uploads/2026/04/image-28.png" alt="" class="wp-image-133" srcset="https://faria.ptis03.pt/wp-content/uploads/2026/04/image-28.png 225w, https://faria.ptis03.pt/wp-content/uploads/2026/04/image-28-150x150.png 150w" sizes="auto, (max-width: 225px) 100vw, 225px" /></figure>



<p style="opacity: 0;" superb-addons-animation="fadeInDown">O chapéu não era apenas estilo; era uma ferramenta de performance. Em <em>&#8220;Billie Jean&#8221;</em>, o ato de colocar o chapéu marcava o início da &#8220;magia&#8221;. Ele também o usava para cobrir parte do rosto, criando um ar de mistério e protegendo sua privacidade dos holofotes.</p>

<p>Funcionalidade Ilusionista (Pés e Mãos) O Estilo Militar e a Realeza Pop Impacto na Alta Costura O &#8220;efeito Michael&#8221; é visível nas passarelas de luxo até hoje: O Chapéu Fedora O chapéu não era apenas estilo; era uma ferramenta de performance. Em &#8220;Billie Jean&#8221;, o ato de colocar o chapéu marcava o início da &#8220;magia&#8221;. Ele [&hellip;]</p>
