{"id":139,"date":"2026-04-20T09:48:30","date_gmt":"2026-04-20T09:48:30","guid":{"rendered":"https:\/\/faria.ptis03.pt\/?page_id=139"},"modified":"2026-04-20T10:11:26","modified_gmt":"2026-04-20T10:11:26","slug":"legado","status":"publish","type":"page","link":"https:\/\/faria.ptis03.pt\/?page_id=139","title":{"rendered":"Legado"},"content":{"rendered":"\n<p style=\"opacity: 0;\" superb-addons-animation=\"fadeInDown\">Os tr\u00eas filhos de Michael Jackson \u2014\u00a0<strong>Prince, Paris e Bigi<\/strong>\u00a0\u2014 gerem o legado do pai de formas muito diferentes, focando-se na filantropia, na arte e na preserva\u00e7\u00e3o da mem\u00f3ria \u00edntima dele:<\/p>\n\n\n\n<h2 style=\"opacity: 0;\" superb-addons-animation=\"fadeInDown\" class=\"wp-block-heading\">Prince Jackson: O Lado Filantr\u00f3pico e de Neg\u00f3cios<\/h2>\n\n\n\n<figure style=\"opacity: 0;\" superb-addons-animation=\"fadeInDown\" class=\"wp-block-image alignleft size-full is-resized\"><img loading=\"lazy\" decoding=\"async\" width=\"211\" height=\"239\" src=\"http:\/\/faria.ptis03.pt\/wp-content\/uploads\/2026\/04\/image-34.png\" alt=\"\" class=\"wp-image-153\" style=\"width:162px;height:auto\"\/><\/figure>\n\n\n\n<p style=\"opacity: 0;\" superb-addons-animation=\"fadeInDown\">O filho mais velho \u00e9 quem mais se dedica a continuar o trabalho humanit\u00e1rio de Michael.<\/p>\n\n\n\n<ul class=\"wp-block-list\">\n<li style=\"opacity: 0;\" superb-addons-animation=\"fadeInDown\"><strong>Funda\u00e7\u00e3o Heal Los Angeles:<\/strong>\u00a0Prince fundou esta organiza\u00e7\u00e3o para apoiar jovens em situa\u00e7\u00f5es vulner\u00e1veis, inspirada na funda\u00e7\u00e3o\u00a0<em>Heal the World<\/em>\u00a0do pai.<\/li>\n\n\n\n<li style=\"opacity: 0;\" superb-addons-animation=\"fadeInDown\"><strong>Eventos Anuais:<\/strong>\u00a0Ele organiza eventos na casa da fam\u00edlia em Encino, como o &#8220;Thriller Night&#8221; no Halloween, para angariar fundos para caridade e manter os f\u00e3s unidos.<\/li>\n<\/ul>\n\n\n\n<h2 style=\"opacity: 0;\" superb-addons-animation=\"fadeInDown\" class=\"wp-block-heading\">Paris Jackson: O Lado Art\u00edstico e a Moda<\/h2>\n\n\n\n<figure style=\"opacity: 0;\" superb-addons-animation=\"fadeInDown\" class=\"wp-block-image alignright size-full is-resized\"><img loading=\"lazy\" decoding=\"async\" width=\"275\" height=\"183\" src=\"http:\/\/faria.ptis03.pt\/wp-content\/uploads\/2026\/04\/image-35.png\" alt=\"\" class=\"wp-image-154\" style=\"width:341px;height:auto\"\/><\/figure>\n\n\n\n<p style=\"opacity: 0;\" superb-addons-animation=\"fadeInDown\">Paris herdou o lado rebelde e criativo, tornando-se o rosto p\u00fablico mais vis\u00edvel.<\/p>\n\n\n\n<ul class=\"wp-block-list\">\n<li style=\"opacity: 0;\" superb-addons-animation=\"fadeInDown\"><strong>M\u00fasica e Atua\u00e7\u00e3o:<\/strong>\u00a0Ela lan\u00e7ou \u00e1lbuns de m\u00fasica indie\/folk, focando-se numa identidade pr\u00f3pria, mas cita frequentemente o pai como a sua maior influ\u00eancia na liberdade de express\u00e3o.<\/li>\n\n\n\n<li style=\"opacity: 0;\" superb-addons-animation=\"fadeInDown\"><strong>Homenagens Visuais:<\/strong>\u00a0Ela usa a sua plataforma na moda e em grandes eventos (como o Met Gala) para manter viva a est\u00e9tica Jackson, frequentemente incluindo refer\u00eancias ou tatuagens que homenageiam o pai.<\/li>\n<\/ul>\n\n\n\n<h2 style=\"opacity: 0;\" superb-addons-animation=\"fadeInDown\" class=\"wp-block-heading\">Bigi &#8220;Blanket&#8221; Jackson: A Preserva\u00e7\u00e3o da Privacidade<\/h2>\n\n\n\n<figure style=\"opacity: 0;\" superb-addons-animation=\"fadeInDown\" class=\"wp-block-image alignleft size-full is-resized\"><img loading=\"lazy\" decoding=\"async\" width=\"225\" height=\"225\" src=\"http:\/\/faria.ptis03.pt\/wp-content\/uploads\/2026\/04\/image-36.png\" alt=\"\" class=\"wp-image-156\" style=\"width:176px;height:auto\" srcset=\"https:\/\/faria.ptis03.pt\/wp-content\/uploads\/2026\/04\/image-36.png 225w, https:\/\/faria.ptis03.pt\/wp-content\/uploads\/2026\/04\/image-36-150x150.png 150w\" sizes=\"auto, (max-width: 225px) 100vw, 225px\" \/><\/figure>\n\n\n\n<p style=\"opacity: 0;\" superb-addons-animation=\"fadeInDown\">Bigi \u00e9 o mais reservado, mas atua nos bastidores do esp\u00f3lio.<\/p>\n\n\n\n<ul class=\"wp-block-list\">\n<li style=\"opacity: 0;\" superb-addons-animation=\"fadeInDown\"><strong>Defesa do Nome:<\/strong>\u00a0Recentemente, esteve envolvido em quest\u00f5es legais para garantir que o patrim\u00f3nio do pai seja gerido de forma correta e que os fundos n\u00e3o sejam desperdi\u00e7ados.<\/li>\n\n\n\n<li style=\"opacity: 0;\" superb-addons-animation=\"fadeInDown\"><strong>Cinema:<\/strong>\u00a0Ele partilha a paix\u00e3o de Michael pelo cinema e pela anima\u00e7\u00e3o, tendo criado o seu pr\u00f3prio canal de cr\u00edticas de filmes e curtas-metragens.<\/li>\n<\/ul>\n\n\n\n<h2 style=\"opacity: 0;\" superb-addons-animation=\"fadeInDown\" class=\"wp-block-heading\">Uni\u00e3o em Datas Importantes<\/h2>\n\n\n\n<figure style=\"opacity: 0;\" superb-addons-animation=\"fadeInDown\" class=\"wp-block-image alignright size-full\"><img loading=\"lazy\" decoding=\"async\" width=\"310\" height=\"162\" src=\"http:\/\/faria.ptis03.pt\/wp-content\/uploads\/2026\/04\/image-37.png\" alt=\"\" class=\"wp-image-157\" srcset=\"https:\/\/faria.ptis03.pt\/wp-content\/uploads\/2026\/04\/image-37.png 310w, https:\/\/faria.ptis03.pt\/wp-content\/uploads\/2026\/04\/image-37-300x157.png 300w\" sizes=\"auto, (max-width: 310px) 100vw, 310px\" \/><\/figure>\n\n\n\n<p style=\"opacity: 0;\" superb-addons-animation=\"fadeInDown\">Eles costumam aparecer juntos em estreias de projetos oficiais, como o musical da Broadway\u00a0<em><strong>MJ: The Musical<\/strong><\/em>\u00a0e o pr\u00f3ximo filme biogr\u00e1fico\u00a0<em><strong>Michael<\/strong><\/em>\u00a0(previsto para 2025), onde o sobrinho de Michael, Jaafar Jackson, interpreta o tio com o apoio total dos filhos.<\/p>\n","protected":false},"excerpt":{"rendered":"<p>Os tr\u00eas filhos de Michael Jackson \u2014\u00a0Prince, Paris e Bigi\u00a0\u2014 gerem o legado do pai de formas muito diferentes, focando-se na filantropia, na arte e na preserva\u00e7\u00e3o da mem\u00f3ria \u00edntima dele: Prince Jackson: O Lado Filantr\u00f3pico e de Neg\u00f3cios O filho mais velho \u00e9 quem mais se dedica a continuar o trabalho humanit\u00e1rio de Michael. [&hellip;]<\/p>\n","protected":false},"author":1,"featured_media":0,"parent":0,"menu_order":0,"comment_status":"closed","ping_status":"closed","template":"","meta":{"_animmysite_disable_animation":false,"footnotes":""},"class_list":["post-139","page","type-page","status-publish","hentry"],"_links":{"self":[{"href":"https:\/\/faria.ptis03.pt\/index.php?rest_route=\/wp\/v2\/pages\/139","targetHints":{"allow":["GET"]}}],"collection":[{"href":"https:\/\/faria.ptis03.pt\/index.php?rest_route=\/wp\/v2\/pages"}],"about":[{"href":"https:\/\/faria.ptis03.pt\/index.php?rest_route=\/wp\/v2\/types\/page"}],"author":[{"embeddable":true,"href":"https:\/\/faria.ptis03.pt\/index.php?rest_route=\/wp\/v2\/users\/1"}],"replies":[{"embeddable":true,"href":"https:\/\/faria.ptis03.pt\/index.php?rest_route=%2Fwp%2Fv2%2Fcomments&post=139"}],"version-history":[{"count":6,"href":"https:\/\/faria.ptis03.pt\/index.php?rest_route=\/wp\/v2\/pages\/139\/revisions"}],"predecessor-version":[{"id":161,"href":"https:\/\/faria.ptis03.pt\/index.php?rest_route=\/wp\/v2\/pages\/139\/revisions\/161"}],"wp:attachment":[{"href":"https:\/\/faria.ptis03.pt\/index.php?rest_route=%2Fwp%2Fv2%2Fmedia&parent=139"}],"curies":[{"name":"wp","href":"https:\/\/api.w.org\/{rel}","templated":true}]}}

<p style="opacity: 0;" superb-addons-animation="fadeInDown">Os três filhos de Michael Jackson — <strong>Prince, Paris e Bigi</strong> — gerem o legado do pai de formas muito diferentes, focando-se na filantropia, na arte e na preservação da memória íntima dele:</p>



<h2 style="opacity: 0;" superb-addons-animation="fadeInDown" class="wp-block-heading">Prince Jackson: O Lado Filantrópico e de Negócios</h2>



<figure style="opacity: 0;" superb-addons-animation="fadeInDown" class="wp-block-image alignleft size-full is-resized"><img loading="lazy" decoding="async" width="211" height="239" src="http://faria.ptis03.pt/wp-content/uploads/2026/04/image-34.png" alt="" class="wp-image-153" style="width:162px;height:auto"/></figure>



<p style="opacity: 0;" superb-addons-animation="fadeInDown">O filho mais velho é quem mais se dedica a continuar o trabalho humanitário de Michael.</p>



<ul class="wp-block-list">
<li style="opacity: 0;" superb-addons-animation="fadeInDown"><strong>Fundação Heal Los Angeles:</strong> Prince fundou esta organização para apoiar jovens em situações vulneráveis, inspirada na fundação <em>Heal the World</em> do pai.</li>



<li style="opacity: 0;" superb-addons-animation="fadeInDown"><strong>Eventos Anuais:</strong> Ele organiza eventos na casa da família em Encino, como o &#8220;Thriller Night&#8221; no Halloween, para angariar fundos para caridade e manter os fãs unidos.</li>
</ul>



<h2 style="opacity: 0;" superb-addons-animation="fadeInDown" class="wp-block-heading">Paris Jackson: O Lado Artístico e a Moda</h2>



<figure style="opacity: 0;" superb-addons-animation="fadeInDown" class="wp-block-image alignright size-full is-resized"><img loading="lazy" decoding="async" width="275" height="183" src="http://faria.ptis03.pt/wp-content/uploads/2026/04/image-35.png" alt="" class="wp-image-154" style="width:341px;height:auto"/></figure>



<p style="opacity: 0;" superb-addons-animation="fadeInDown">Paris herdou o lado rebelde e criativo, tornando-se o rosto público mais visível.</p>



<ul class="wp-block-list">
<li style="opacity: 0;" superb-addons-animation="fadeInDown"><strong>Música e Atuação:</strong> Ela lançou álbuns de música indie/folk, focando-se numa identidade própria, mas cita frequentemente o pai como a sua maior influência na liberdade de expressão.</li>



<li style="opacity: 0;" superb-addons-animation="fadeInDown"><strong>Homenagens Visuais:</strong> Ela usa a sua plataforma na moda e em grandes eventos (como o Met Gala) para manter viva a estética Jackson, frequentemente incluindo referências ou tatuagens que homenageiam o pai.</li>
</ul>



<h2 style="opacity: 0;" superb-addons-animation="fadeInDown" class="wp-block-heading">Bigi &#8220;Blanket&#8221; Jackson: A Preservação da Privacidade</h2>



<figure style="opacity: 0;" superb-addons-animation="fadeInDown" class="wp-block-image alignleft size-full is-resized"><img loading="lazy" decoding="async" width="225" height="225" src="http://faria.ptis03.pt/wp-content/uploads/2026/04/image-36.png" alt="" class="wp-image-156" style="width:176px;height:auto" srcset="https://faria.ptis03.pt/wp-content/uploads/2026/04/image-36.png 225w, https://faria.ptis03.pt/wp-content/uploads/2026/04/image-36-150x150.png 150w" sizes="auto, (max-width: 225px) 100vw, 225px" /></figure>



<p style="opacity: 0;" superb-addons-animation="fadeInDown">Bigi é o mais reservado, mas atua nos bastidores do espólio.</p>



<ul class="wp-block-list">
<li style="opacity: 0;" superb-addons-animation="fadeInDown"><strong>Defesa do Nome:</strong> Recentemente, esteve envolvido em questões legais para garantir que o património do pai seja gerido de forma correta e que os fundos não sejam desperdiçados.</li>



<li style="opacity: 0;" superb-addons-animation="fadeInDown"><strong>Cinema:</strong> Ele partilha a paixão de Michael pelo cinema e pela animação, tendo criado o seu próprio canal de críticas de filmes e curtas-metragens.</li>
</ul>



<h2 style="opacity: 0;" superb-addons-animation="fadeInDown" class="wp-block-heading">União em Datas Importantes</h2>



<figure style="opacity: 0;" superb-addons-animation="fadeInDown" class="wp-block-image alignright size-full"><img loading="lazy" decoding="async" width="310" height="162" src="http://faria.ptis03.pt/wp-content/uploads/2026/04/image-37.png" alt="" class="wp-image-157" srcset="https://faria.ptis03.pt/wp-content/uploads/2026/04/image-37.png 310w, https://faria.ptis03.pt/wp-content/uploads/2026/04/image-37-300x157.png 300w" sizes="auto, (max-width: 310px) 100vw, 310px" /></figure>



<p style="opacity: 0;" superb-addons-animation="fadeInDown">Eles costumam aparecer juntos em estreias de projetos oficiais, como o musical da Broadway <em><strong>MJ: The Musical</strong></em> e o próximo filme biográfico <em><strong>Michael</strong></em> (previsto para 2025), onde o sobrinho de Michael, Jaafar Jackson, interpreta o tio com o apoio total dos filhos.</p>

<p>Os três filhos de Michael Jackson — Prince, Paris e Bigi — gerem o legado do pai de formas muito diferentes, focando-se na filantropia, na arte e na preservação da memória íntima dele: Prince Jackson: O Lado Filantrópico e de Negócios O filho mais velho é quem mais se dedica a continuar o trabalho humanitário de Michael. [&hellip;]</p>
