{"id":19,"date":"2026-04-17T09:25:52","date_gmt":"2026-04-17T09:25:52","guid":{"rendered":"https:\/\/faria.ptis03.pt\/?page_id=19"},"modified":"2026-04-21T07:58:50","modified_gmt":"2026-04-21T07:58:50","slug":"historia","status":"publish","type":"page","link":"https:\/\/faria.ptis03.pt\/?page_id=19","title":{"rendered":"Hist\u00f3ria"},"content":{"rendered":"\n<p style=\"opacity: 0;\" superb-addons-animation=\"fadeInDown\">1. O Menino Prod\u00edgio (1958\u20131978)<\/p>\n\n\n\n<figure style=\"opacity: 0;\" superb-addons-animation=\"fadeInDown\" class=\"wp-block-image alignleft size-full\"><img loading=\"lazy\" decoding=\"async\" width=\"284\" height=\"177\" src=\"http:\/\/faria.ptis03.pt\/wp-content\/uploads\/2026\/04\/image-5.png\" alt=\"\" class=\"wp-image-25\"\/><\/figure>\n\n\n\n<p style=\"opacity: 0;\" superb-addons-animation=\"fadeInDown\" class=\"has-contrast-dark-color has-text-color has-link-color wp-elements-90e20137ed4132d8e8b4accbace1d873\">Michael nasceu numa fam\u00edlia humilde em Gary, Indiana. O seu pai, Joe Jackson, formou os&nbsp;<strong>Jackson 5<\/strong>&nbsp;e submeteu os filhos a um regime de ensaios exaustivo. Michael era o centro das aten\u00e7\u00f5es: aos 11 anos j\u00e1 tinha a maturidade vocal de um adulto e um carisma que o tornou uma estrela mundial na&nbsp;<strong>Motown<\/strong>. Nesta fase, ele n\u00e3o teve uma inf\u00e2ncia normal, o que moldou muito da sua personalidade solit\u00e1ria no futuro.<\/p>\n\n\n\n<p><\/p>\n\n\n\n<p style=\"opacity: 0;\" superb-addons-animation=\"fadeInDown\" class=\"has-contrast-dark-color has-text-color has-link-color wp-elements-64444e62b39b5d6fa340adbd45e9e031\">2. A Conquista do Mundo (1979\u20131991)<\/p>\n\n\n\n<p style=\"opacity: 0;\" superb-addons-animation=\"fadeInDown\" class=\"has-contrast-dark-color has-text-color has-link-color wp-elements-34c4837c7bdfc15b24f7b0764e17b6c4\">Ap\u00f3s libertar-se da gest\u00e3o do pai, Michael uniu-se ao produtor&nbsp;<strong>Quincy Jones<\/strong>.<\/p>\n\n\n\n<figure style=\"opacity: 0;\" superb-addons-animation=\"fadeInDown\" class=\"wp-block-image alignright size-full\"><img loading=\"lazy\" decoding=\"async\" width=\"300\" height=\"168\" src=\"http:\/\/faria.ptis03.pt\/wp-content\/uploads\/2026\/04\/image-6.png\" alt=\"\" class=\"wp-image-53\"\/><\/figure>\n\n\n\n<p superb-addons-animation=\"fadeInDown\" class=\"has-text-align-center has-contrast-dark-color has-text-color has-link-color wp-elements-0ae12ab549b782754aa69617bd2973ef\" style=\"font-size:clamp(14px, 0.875rem + ((1vw - 3.2px) * 0.455), 18px);opacity: 0;\"><strong>Independ\u00eancia:<\/strong>&nbsp;Com&nbsp;<em>Off the Wall<\/em>&nbsp;(1979), provou que era um artista solo de elite.<\/p>\n\n\n\n<p superb-addons-animation=\"fadeInDown\" class=\"has-contrast-dark-color has-text-color has-link-color wp-elements-02329d3739b07d63202ba049ef033cf7\" style=\"font-size:clamp(14px, 0.875rem + ((1vw - 3.2px) * 0.455), 18px);opacity: 0;\"><strong>Explos\u00e3o:<\/strong>&nbsp;Em 1982, lan\u00e7ou&nbsp;<em><strong>Thriller<\/strong><\/em>. O sucesso foi t\u00e3o grande que ele se tornou a pessoa mais famosa do planeta. Ele quebrou barreiras raciais, sendo o primeiro artista negro a ter rota\u00e7\u00e3o pesada na MTV.<\/p>\n\n\n\n<p superb-addons-animation=\"fadeInDown\" class=\"has-text-align-center has-contrast-dark-color has-text-color has-link-color wp-elements-e8619733d227572846c1e21c5ecb639a\" style=\"font-size:clamp(14px, 0.875rem + ((1vw - 3.2px) * 0.455), 18px);opacity: 0;\"><strong>Pico Criativo:<\/strong>&nbsp;Seguiram-se os \u00e1lbuns&nbsp;<em>Bad<\/em>&nbsp;e&nbsp;<em>Dangerous<\/em>, e a digress\u00e3o mundial de&nbsp;<em>Bad<\/em>&nbsp;tornou-se a maior bilheteira de sempre at\u00e9 ent\u00e3o. Foi nesta \u00e9poca que comprou o rancho&nbsp;<strong>Neverland<\/strong>, criando o mundo de fantasia que n\u00e3o teve em crian\u00e7a.<\/p>\n\n\n\n<p style=\"opacity: 0;\" superb-addons-animation=\"fadeInDown\" class=\"has-contrast-dark-color has-text-color has-link-color wp-elements-b95fc8fe79d461165744060f57c2d539\">3. Isolamento e Lutas Legais (1992\u20132009)<\/p>\n\n\n\n<figure style=\"opacity: 0;\" superb-addons-animation=\"fadeInDown\" class=\"wp-block-image alignleft size-full\"><img loading=\"lazy\" decoding=\"async\" width=\"324\" height=\"156\" src=\"http:\/\/faria.ptis03.pt\/wp-content\/uploads\/2026\/04\/image-7.png\" alt=\"\" class=\"wp-image-57\" srcset=\"https:\/\/faria.ptis03.pt\/wp-content\/uploads\/2026\/04\/image-7.png 324w, https:\/\/faria.ptis03.pt\/wp-content\/uploads\/2026\/04\/image-7-300x144.png 300w\" sizes=\"auto, (max-width: 324px) 100vw, 324px\" \/><\/figure>\n\n\n\n<p style=\"opacity: 0;\" superb-addons-animation=\"fadeInDown\" class=\"has-contrast-dark-color has-text-color has-link-color wp-elements-6b8426cf85f2dab7fc7b63e88fb72cc6\">A partir dos anos 90, a hist\u00f3ria tornou-se mais sombria:<\/p>\n\n\n\n<p style=\"opacity: 0;\" superb-addons-animation=\"fadeInDown\" class=\"has-contrast-dark-color has-text-color has-link-color wp-elements-2fc8fae2d492c6fab23c67f5dc780a91\"><strong>Sa\u00fade e Apar\u00eancia:<\/strong>&nbsp;A sua apar\u00eancia mudou drasticamente devido ao vitiligo e a cirurgias pl\u00e1sticas, o que gerou um escrut\u00ednio medi\u00e1tico cruel (a alcunha &#8220;Wacko Jacko&#8221;).<\/p>\n\n\n\n<p style=\"opacity: 0;\" superb-addons-animation=\"fadeInDown\" class=\"has-contrast-dark-color has-text-color has-link-color wp-elements-4cd03b77a484351888cc652835c3e8be\"><strong>Tribunais:<\/strong>&nbsp;Enfrentou acusa\u00e7\u00f5es graves em 1993 e 2005. Embora tenha sido absolvido de todas as acusa\u00e7\u00f5es no julgamento de 2005, o impacto na sua reputa\u00e7\u00e3o e sa\u00fade financeira foi devastador.<\/p>\n\n\n\n<p superb-addons-animation=\"fadeInDown\" class=\"has-text-align-center has-contrast-dark-color has-text-color has-link-color wp-elements-0cdb5e5cde60358efab52a2a5b2735c2\" style=\"font-size:clamp(14px, 0.875rem + ((1vw - 3.2px) * 0.682), 20px);opacity: 0;\"><strong>O Regresso Interrompido:<\/strong>&nbsp;Em 2009, anunciou a sua \u00faltima s\u00e9rie de concertos,&nbsp;<em>This Is It<\/em>. Tragicamente, morreu a 25 de junho de 2009, devido a uma paragem card\u00edaca causada por uma overdose de propofol (um anest\u00e9sico), poucos dias antes de come\u00e7ar a digress\u00e3o.<\/p>\n","protected":false},"excerpt":{"rendered":"<p>1. O Menino Prod\u00edgio (1958\u20131978) Michael nasceu numa fam\u00edlia humilde em Gary, Indiana. O seu pai, Joe Jackson, formou os&nbsp;Jackson 5&nbsp;e submeteu os filhos a um regime de ensaios exaustivo. Michael era o centro das aten\u00e7\u00f5es: aos 11 anos j\u00e1 tinha a maturidade vocal de um adulto e um carisma que o tornou uma estrela [&hellip;]<\/p>\n","protected":false},"author":1,"featured_media":0,"parent":0,"menu_order":0,"comment_status":"closed","ping_status":"closed","template":"","meta":{"_animmysite_disable_animation":false,"footnotes":""},"class_list":["post-19","page","type-page","status-publish","hentry"],"_links":{"self":[{"href":"https:\/\/faria.ptis03.pt\/index.php?rest_route=\/wp\/v2\/pages\/19","targetHints":{"allow":["GET"]}}],"collection":[{"href":"https:\/\/faria.ptis03.pt\/index.php?rest_route=\/wp\/v2\/pages"}],"about":[{"href":"https:\/\/faria.ptis03.pt\/index.php?rest_route=\/wp\/v2\/types\/page"}],"author":[{"embeddable":true,"href":"https:\/\/faria.ptis03.pt\/index.php?rest_route=\/wp\/v2\/users\/1"}],"replies":[{"embeddable":true,"href":"https:\/\/faria.ptis03.pt\/index.php?rest_route=%2Fwp%2Fv2%2Fcomments&post=19"}],"version-history":[{"count":22,"href":"https:\/\/faria.ptis03.pt\/index.php?rest_route=\/wp\/v2\/pages\/19\/revisions"}],"predecessor-version":[{"id":162,"href":"https:\/\/faria.ptis03.pt\/index.php?rest_route=\/wp\/v2\/pages\/19\/revisions\/162"}],"wp:attachment":[{"href":"https:\/\/faria.ptis03.pt\/index.php?rest_route=%2Fwp%2Fv2%2Fmedia&parent=19"}],"curies":[{"name":"wp","href":"https:\/\/api.w.org\/{rel}","templated":true}]}}

História

<p style="opacity: 0;" superb-addons-animation="fadeInDown">1. O Menino Prodígio (1958–1978)</p>



<figure style="opacity: 0;" superb-addons-animation="fadeInDown" class="wp-block-image alignleft size-full"><img loading="lazy" decoding="async" width="284" height="177" src="http://faria.ptis03.pt/wp-content/uploads/2026/04/image-5.png" alt="" class="wp-image-25"/></figure>



<p style="opacity: 0;" superb-addons-animation="fadeInDown" class="has-contrast-dark-color has-text-color has-link-color wp-elements-90e20137ed4132d8e8b4accbace1d873">Michael nasceu numa família humilde em Gary, Indiana. O seu pai, Joe Jackson, formou os&nbsp;<strong>Jackson 5</strong>&nbsp;e submeteu os filhos a um regime de ensaios exaustivo. Michael era o centro das atenções: aos 11 anos já tinha a maturidade vocal de um adulto e um carisma que o tornou uma estrela mundial na&nbsp;<strong>Motown</strong>. Nesta fase, ele não teve uma infância normal, o que moldou muito da sua personalidade solitária no futuro.</p>



<p></p>



<p style="opacity: 0;" superb-addons-animation="fadeInDown" class="has-contrast-dark-color has-text-color has-link-color wp-elements-64444e62b39b5d6fa340adbd45e9e031">2. A Conquista do Mundo (1979–1991)</p>



<p style="opacity: 0;" superb-addons-animation="fadeInDown" class="has-contrast-dark-color has-text-color has-link-color wp-elements-34c4837c7bdfc15b24f7b0764e17b6c4">Após libertar-se da gestão do pai, Michael uniu-se ao produtor&nbsp;<strong>Quincy Jones</strong>.</p>



<figure style="opacity: 0;" superb-addons-animation="fadeInDown" class="wp-block-image alignright size-full"><img loading="lazy" decoding="async" width="300" height="168" src="http://faria.ptis03.pt/wp-content/uploads/2026/04/image-6.png" alt="" class="wp-image-53"/></figure>



<p superb-addons-animation="fadeInDown" class="has-text-align-center has-contrast-dark-color has-text-color has-link-color wp-elements-0ae12ab549b782754aa69617bd2973ef" style="font-size:clamp(14px, 0.875rem + ((1vw - 3.2px) * 0.455), 18px);opacity: 0;"><strong>Independência:</strong>&nbsp;Com&nbsp;<em>Off the Wall</em>&nbsp;(1979), provou que era um artista solo de elite.</p>



<p superb-addons-animation="fadeInDown" class="has-contrast-dark-color has-text-color has-link-color wp-elements-02329d3739b07d63202ba049ef033cf7" style="font-size:clamp(14px, 0.875rem + ((1vw - 3.2px) * 0.455), 18px);opacity: 0;"><strong>Explosão:</strong>&nbsp;Em 1982, lançou&nbsp;<em><strong>Thriller</strong></em>. O sucesso foi tão grande que ele se tornou a pessoa mais famosa do planeta. Ele quebrou barreiras raciais, sendo o primeiro artista negro a ter rotação pesada na MTV.</p>



<p superb-addons-animation="fadeInDown" class="has-text-align-center has-contrast-dark-color has-text-color has-link-color wp-elements-e8619733d227572846c1e21c5ecb639a" style="font-size:clamp(14px, 0.875rem + ((1vw - 3.2px) * 0.455), 18px);opacity: 0;"><strong>Pico Criativo:</strong>&nbsp;Seguiram-se os álbuns&nbsp;<em>Bad</em>&nbsp;e&nbsp;<em>Dangerous</em>, e a digressão mundial de&nbsp;<em>Bad</em>&nbsp;tornou-se a maior bilheteira de sempre até então. Foi nesta época que comprou o rancho&nbsp;<strong>Neverland</strong>, criando o mundo de fantasia que não teve em criança.</p>



<p style="opacity: 0;" superb-addons-animation="fadeInDown" class="has-contrast-dark-color has-text-color has-link-color wp-elements-b95fc8fe79d461165744060f57c2d539">3. Isolamento e Lutas Legais (1992–2009)</p>



<figure style="opacity: 0;" superb-addons-animation="fadeInDown" class="wp-block-image alignleft size-full"><img loading="lazy" decoding="async" width="324" height="156" src="http://faria.ptis03.pt/wp-content/uploads/2026/04/image-7.png" alt="" class="wp-image-57" srcset="https://faria.ptis03.pt/wp-content/uploads/2026/04/image-7.png 324w, https://faria.ptis03.pt/wp-content/uploads/2026/04/image-7-300x144.png 300w" sizes="auto, (max-width: 324px) 100vw, 324px" /></figure>



<p style="opacity: 0;" superb-addons-animation="fadeInDown" class="has-contrast-dark-color has-text-color has-link-color wp-elements-6b8426cf85f2dab7fc7b63e88fb72cc6">A partir dos anos 90, a história tornou-se mais sombria:</p>



<p style="opacity: 0;" superb-addons-animation="fadeInDown" class="has-contrast-dark-color has-text-color has-link-color wp-elements-2fc8fae2d492c6fab23c67f5dc780a91"><strong>Saúde e Aparência:</strong>&nbsp;A sua aparência mudou drasticamente devido ao vitiligo e a cirurgias plásticas, o que gerou um escrutínio mediático cruel (a alcunha &#8220;Wacko Jacko&#8221;).</p>



<p style="opacity: 0;" superb-addons-animation="fadeInDown" class="has-contrast-dark-color has-text-color has-link-color wp-elements-4cd03b77a484351888cc652835c3e8be"><strong>Tribunais:</strong>&nbsp;Enfrentou acusações graves em 1993 e 2005. Embora tenha sido absolvido de todas as acusações no julgamento de 2005, o impacto na sua reputação e saúde financeira foi devastador.</p>



<p superb-addons-animation="fadeInDown" class="has-text-align-center has-contrast-dark-color has-text-color has-link-color wp-elements-0cdb5e5cde60358efab52a2a5b2735c2" style="font-size:clamp(14px, 0.875rem + ((1vw - 3.2px) * 0.682), 20px);opacity: 0;"><strong>O Regresso Interrompido:</strong>&nbsp;Em 2009, anunciou a sua última série de concertos,&nbsp;<em>This Is It</em>. Tragicamente, morreu a 25 de junho de 2009, devido a uma paragem cardíaca causada por uma overdose de propofol (um anestésico), poucos dias antes de começar a digressão.</p>

<p>1. O Menino Prodígio (1958–1978) Michael nasceu numa família humilde em Gary, Indiana. O seu pai, Joe Jackson, formou os&nbsp;Jackson 5&nbsp;e submeteu os filhos a um regime de ensaios exaustivo. Michael era o centro das atenções: aos 11 anos já tinha a maturidade vocal de um adulto e um carisma que o tornou uma estrela [&hellip;]</p>
