{"id":60,"date":"2026-04-17T10:19:07","date_gmt":"2026-04-17T10:19:07","guid":{"rendered":"https:\/\/faria.ptis03.pt\/?page_id=60"},"modified":"2026-04-17T15:24:21","modified_gmt":"2026-04-17T15:24:21","slug":"casos","status":"publish","type":"page","link":"https:\/\/faria.ptis03.pt\/?page_id=60","title":{"rendered":"Casos"},"content":{"rendered":"\n<p style=\"opacity: 0;\" superb-addons-animation=\"fadeInDown\" class=\"has-superbfont-large-font-size\"><strong>O Caso de 1993 (Jordan Chandler)<\/strong><\/p>\n\n\n\n<figure style=\"opacity: 0;\" superb-addons-animation=\"fadeInDown\" class=\"wp-block-image alignright size-full is-resized\"><img loading=\"lazy\" decoding=\"async\" width=\"888\" height=\"659\" src=\"http:\/\/faria.ptis03.pt\/wp-content\/uploads\/2026\/04\/image-9.png\" alt=\"\" class=\"wp-image-75\" style=\"aspect-ratio:1.3475152571926765;width:373px;height:auto\" srcset=\"https:\/\/faria.ptis03.pt\/wp-content\/uploads\/2026\/04\/image-9.png 888w, https:\/\/faria.ptis03.pt\/wp-content\/uploads\/2026\/04\/image-9-300x223.png 300w, https:\/\/faria.ptis03.pt\/wp-content\/uploads\/2026\/04\/image-9-768x570.png 768w\" sizes=\"auto, (max-width: 888px) 100vw, 888px\" \/><\/figure>\n\n\n\n<p superb-addons-animation=\"fadeInDown\" class=\"has-text-align-center\" style=\"font-size:clamp(15.747px, 0.984rem + ((1vw - 3.2px) * 0.938), 24px);opacity: 0;\"><strong>A Acusa\u00e7\u00e3o:<\/strong>&nbsp;O pai de Jordan Chandler, um adolescente de 13 anos, acusou o cantor de abuso sexual ap\u00f3s os dois terem ficado amigos.<\/p>\n\n\n\n<p superb-addons-animation=\"fadeInDown\" class=\"has-text-align-center\" style=\"font-size:clamp(15.747px, 0.984rem + ((1vw - 3.2px) * 0.938), 24px);opacity: 0;\"><strong>O Desfecho:<\/strong>&nbsp;N\u00e3o foram apresentadas queixas criminais na altura. Michael Jackson chegou a um&nbsp;<strong>acordo civil<\/strong>&nbsp;extrajudicial com a fam\u00edlia, pagando cerca de&nbsp;<strong>23 a 25 milh\u00f5es de d\u00f3lares<\/strong>. O cantor afirmou que o acordo visava apenas evitar um processo longo e desgastante, n\u00e3o sendo uma admiss\u00e3o de culpa.<\/p>\n\n\n\n<p style=\"opacity: 0;\" superb-addons-animation=\"fadeInDown\" class=\"has-superbfont-large-font-size\"><strong>O Julgamento de 2005 (Gavin Arvizo)<\/strong><\/p>\n\n\n\n<figure style=\"opacity: 0;\" superb-addons-animation=\"fadeInDown\" class=\"wp-block-image alignleft size-full\"><img loading=\"lazy\" decoding=\"async\" width=\"294\" height=\"171\" src=\"http:\/\/faria.ptis03.pt\/wp-content\/uploads\/2026\/04\/image-16.png\" alt=\"\" class=\"wp-image-85\"\/><\/figure>\n\n\n\n<ul class=\"wp-block-list\">\n<li style=\"opacity: 0;\" superb-addons-animation=\"fadeInDown\"><strong>A Acusa\u00e7\u00e3o:<\/strong>&nbsp;Ap\u00f3s o document\u00e1rio&nbsp;<em>&#8220;Living with Michael Jackson&#8221;<\/em>&nbsp;(2003), no qual o cantor admitia dormir na mesma cama que crian\u00e7as de forma plat\u00f3nica, Gavin Arvizo acusou Michael de abuso.<\/li>\n\n\n\n<li style=\"opacity: 0;\" superb-addons-animation=\"fadeInDown\"><strong>O Desfecho:<\/strong>&nbsp;Ap\u00f3s um julgamento de 14 semanas que parou o mundo, o j\u00fari declarou Michael Jackson&nbsp;<strong>inocente de todas as 14 acusa\u00e7\u00f5es<\/strong>, incluindo molsta\u00e7\u00e3o e conspira\u00e7\u00e3o. Testemunhas de defesa inclu\u00edram celebridades como&nbsp;<strong>Macaulay Culkin<\/strong>.<\/li>\n<\/ul>\n\n\n\n<p style=\"opacity: 0;\" superb-addons-animation=\"fadeInDown\" class=\"has-superbfont-large-font-size\"><strong>Alega\u00e7\u00f5es P\u00f3stumas e Atualidade<\/strong><\/p>\n\n\n\n<figure style=\"opacity: 0;\" superb-addons-animation=\"fadeInDown\" class=\"wp-block-image alignright size-full\"><img loading=\"lazy\" decoding=\"async\" width=\"265\" height=\"190\" src=\"http:\/\/faria.ptis03.pt\/wp-content\/uploads\/2026\/04\/image-14.png\" alt=\"\" class=\"wp-image-83\"\/><\/figure>\n\n\n\n<ul class=\"wp-block-list\">\n<li style=\"opacity: 0;\" superb-addons-animation=\"fadeInDown\"><strong>Leaving Neverland (2019):<\/strong>&nbsp;Um document\u00e1rio trouxe novos relatos de Wade Robson e James Safechuck (que tinham defendido Michael em 2005) sobre abusos que alegadamente sofreram na inf\u00e2ncia.<\/li>\n\n\n\n<li style=\"opacity: 0;\" superb-addons-animation=\"fadeInDown\"><strong>Processos Recentes:<\/strong>&nbsp;Em 2023, um tribunal de recurso na Calif\u00f3rnia permitiu que novos processos contra as empresas de Michael Jackson fossem reabertos, baseando-se em novas leis de prote\u00e7\u00e3o a v\u00edtimas de abuso. Recentemente, em mar\u00e7o de 2026, surgiram novas alega\u00e7\u00f5es de outros indiv\u00edduos em tribunal.<\/li>\n<\/ul>\n\n\n\n<h2 style=\"opacity: 0;\" superb-addons-animation=\"fadeInDown\" class=\"wp-block-heading\">Caso Jeffrey Epstein<\/h2>\n\n\n\n<figure style=\"opacity: 0;\" superb-addons-animation=\"fadeInDown\" class=\"wp-block-image alignleft size-full is-resized\"><img loading=\"lazy\" decoding=\"async\" width=\"300\" height=\"168\" src=\"http:\/\/faria.ptis03.pt\/wp-content\/uploads\/2026\/04\/image-11.png\" alt=\"\" class=\"wp-image-79\" style=\"width:372px;height:auto\"\/><\/figure>\n\n\n\n<ul class=\"wp-block-list\">\n<li style=\"opacity: 0;\" superb-addons-animation=\"fadeInDown\"><strong>Nenhuma Acusa\u00e7\u00e3o de Crime<\/strong>: De acordo com os documentos libertados pelo&nbsp;Departamento de Justi\u00e7a dos EUA, Michael Jackson&nbsp;<strong>n\u00e3o foi acusado<\/strong>&nbsp;de qualquer crime ou irregularidade no \u00e2mbito do caso Epstein.<\/li>\n\n\n\n<li style=\"opacity: 0;\" superb-addons-animation=\"fadeInDown\"><strong>Visita a Palm Beach<\/strong>: O nome do cantor aparece num depoimento de 2016 de Johanna Sjoberg (uma das v\u00edtimas de Epstein). Ela afirmou ter conhecido Michael Jackson na mans\u00e3o de Epstein em&nbsp;<strong>Palm Beach<\/strong>, na Fl\u00f3rida.<\/li>\n\n\n\n<li style=\"opacity: 0;\" superb-addons-animation=\"fadeInDown\"><strong>Recusa de Massagem<\/strong>: No mesmo depoimento, quando questionada se tinha feito uma massagem a Michael Jackson, a testemunha respondeu negativamente.<\/li>\n\n\n\n<li style=\"opacity: 0;\" superb-addons-animation=\"fadeInDown\"><strong>Sem Visitas \u00e0 Ilha<\/strong>: N\u00e3o h\u00e1 qualquer registo ou evid\u00eancia nos di\u00e1rios de voo ou documentos oficiais de que Michael Jackson tenha visitado a ilha privada de Epstein (<em>Little Saint James<\/em>) ou participado nas suas festas.<\/li>\n\n\n\n<li style=\"opacity: 0;\" superb-addons-animation=\"fadeInDown\"><strong>Fotos Recentes (2025\/2026)<\/strong>: Novas divulga\u00e7\u00f5es de ficheiros revelaram fotografias de Michael Jackson em eventos sociais onde Epstein tamb\u00e9m estava presente, incluindo imagens com outras figuras p\u00fablicas como&nbsp;<strong>Bill Clinton<\/strong>&nbsp;e&nbsp;<strong>Diana Ross<\/strong>.<\/li>\n<\/ul>\n","protected":false},"excerpt":{"rendered":"<p>O Caso de 1993 (Jordan Chandler) A Acusa\u00e7\u00e3o:&nbsp;O pai de Jordan Chandler, um adolescente de 13 anos, acusou o cantor de abuso sexual ap\u00f3s os dois terem ficado amigos. O Desfecho:&nbsp;N\u00e3o foram apresentadas queixas criminais na altura. Michael Jackson chegou a um&nbsp;acordo civil&nbsp;extrajudicial com a fam\u00edlia, pagando cerca de&nbsp;23 a 25 milh\u00f5es de d\u00f3lares. O [&hellip;]<\/p>\n","protected":false},"author":1,"featured_media":0,"parent":0,"menu_order":0,"comment_status":"closed","ping_status":"closed","template":"","meta":{"_animmysite_disable_animation":false,"footnotes":""},"class_list":["post-60","page","type-page","status-publish","hentry"],"_links":{"self":[{"href":"https:\/\/faria.ptis03.pt\/index.php?rest_route=\/wp\/v2\/pages\/60","targetHints":{"allow":["GET"]}}],"collection":[{"href":"https:\/\/faria.ptis03.pt\/index.php?rest_route=\/wp\/v2\/pages"}],"about":[{"href":"https:\/\/faria.ptis03.pt\/index.php?rest_route=\/wp\/v2\/types\/page"}],"author":[{"embeddable":true,"href":"https:\/\/faria.ptis03.pt\/index.php?rest_route=\/wp\/v2\/users\/1"}],"replies":[{"embeddable":true,"href":"https:\/\/faria.ptis03.pt\/index.php?rest_route=%2Fwp%2Fv2%2Fcomments&post=60"}],"version-history":[{"count":9,"href":"https:\/\/faria.ptis03.pt\/index.php?rest_route=\/wp\/v2\/pages\/60\/revisions"}],"predecessor-version":[{"id":117,"href":"https:\/\/faria.ptis03.pt\/index.php?rest_route=\/wp\/v2\/pages\/60\/revisions\/117"}],"wp:attachment":[{"href":"https:\/\/faria.ptis03.pt\/index.php?rest_route=%2Fwp%2Fv2%2Fmedia&parent=60"}],"curies":[{"name":"wp","href":"https:\/\/api.w.org\/{rel}","templated":true}]}}

<p style="opacity: 0;" superb-addons-animation="fadeInDown" class="has-superbfont-large-font-size"><strong>O Caso de 1993 (Jordan Chandler)</strong></p>



<figure style="opacity: 0;" superb-addons-animation="fadeInDown" class="wp-block-image alignright size-full is-resized"><img loading="lazy" decoding="async" width="888" height="659" src="http://faria.ptis03.pt/wp-content/uploads/2026/04/image-9.png" alt="" class="wp-image-75" style="aspect-ratio:1.3475152571926765;width:373px;height:auto" srcset="https://faria.ptis03.pt/wp-content/uploads/2026/04/image-9.png 888w, https://faria.ptis03.pt/wp-content/uploads/2026/04/image-9-300x223.png 300w, https://faria.ptis03.pt/wp-content/uploads/2026/04/image-9-768x570.png 768w" sizes="auto, (max-width: 888px) 100vw, 888px" /></figure>



<p superb-addons-animation="fadeInDown" class="has-text-align-center" style="font-size:clamp(15.747px, 0.984rem + ((1vw - 3.2px) * 0.938), 24px);opacity: 0;"><strong>A Acusação:</strong>&nbsp;O pai de Jordan Chandler, um adolescente de 13 anos, acusou o cantor de abuso sexual após os dois terem ficado amigos.</p>



<p superb-addons-animation="fadeInDown" class="has-text-align-center" style="font-size:clamp(15.747px, 0.984rem + ((1vw - 3.2px) * 0.938), 24px);opacity: 0;"><strong>O Desfecho:</strong>&nbsp;Não foram apresentadas queixas criminais na altura. Michael Jackson chegou a um&nbsp;<strong>acordo civil</strong>&nbsp;extrajudicial com a família, pagando cerca de&nbsp;<strong>23 a 25 milhões de dólares</strong>. O cantor afirmou que o acordo visava apenas evitar um processo longo e desgastante, não sendo uma admissão de culpa.</p>



<p style="opacity: 0;" superb-addons-animation="fadeInDown" class="has-superbfont-large-font-size"><strong>O Julgamento de 2005 (Gavin Arvizo)</strong></p>



<figure style="opacity: 0;" superb-addons-animation="fadeInDown" class="wp-block-image alignleft size-full"><img loading="lazy" decoding="async" width="294" height="171" src="http://faria.ptis03.pt/wp-content/uploads/2026/04/image-16.png" alt="" class="wp-image-85"/></figure>



<ul class="wp-block-list">
<li style="opacity: 0;" superb-addons-animation="fadeInDown"><strong>A Acusação:</strong>&nbsp;Após o documentário&nbsp;<em>&#8220;Living with Michael Jackson&#8221;</em>&nbsp;(2003), no qual o cantor admitia dormir na mesma cama que crianças de forma platónica, Gavin Arvizo acusou Michael de abuso.</li>



<li style="opacity: 0;" superb-addons-animation="fadeInDown"><strong>O Desfecho:</strong>&nbsp;Após um julgamento de 14 semanas que parou o mundo, o júri declarou Michael Jackson&nbsp;<strong>inocente de todas as 14 acusações</strong>, incluindo molstação e conspiração. Testemunhas de defesa incluíram celebridades como&nbsp;<strong>Macaulay Culkin</strong>.</li>
</ul>



<p style="opacity: 0;" superb-addons-animation="fadeInDown" class="has-superbfont-large-font-size"><strong>Alegações Póstumas e Atualidade</strong></p>



<figure style="opacity: 0;" superb-addons-animation="fadeInDown" class="wp-block-image alignright size-full"><img loading="lazy" decoding="async" width="265" height="190" src="http://faria.ptis03.pt/wp-content/uploads/2026/04/image-14.png" alt="" class="wp-image-83"/></figure>



<ul class="wp-block-list">
<li style="opacity: 0;" superb-addons-animation="fadeInDown"><strong>Leaving Neverland (2019):</strong>&nbsp;Um documentário trouxe novos relatos de Wade Robson e James Safechuck (que tinham defendido Michael em 2005) sobre abusos que alegadamente sofreram na infância.</li>



<li style="opacity: 0;" superb-addons-animation="fadeInDown"><strong>Processos Recentes:</strong>&nbsp;Em 2023, um tribunal de recurso na Califórnia permitiu que novos processos contra as empresas de Michael Jackson fossem reabertos, baseando-se em novas leis de proteção a vítimas de abuso. Recentemente, em março de 2026, surgiram novas alegações de outros indivíduos em tribunal.</li>
</ul>



<h2 style="opacity: 0;" superb-addons-animation="fadeInDown" class="wp-block-heading">Caso Jeffrey Epstein</h2>



<figure style="opacity: 0;" superb-addons-animation="fadeInDown" class="wp-block-image alignleft size-full is-resized"><img loading="lazy" decoding="async" width="300" height="168" src="http://faria.ptis03.pt/wp-content/uploads/2026/04/image-11.png" alt="" class="wp-image-79" style="width:372px;height:auto"/></figure>



<ul class="wp-block-list">
<li style="opacity: 0;" superb-addons-animation="fadeInDown"><strong>Nenhuma Acusação de Crime</strong>: De acordo com os documentos libertados pelo&nbsp;Departamento de Justiça dos EUA, Michael Jackson&nbsp;<strong>não foi acusado</strong>&nbsp;de qualquer crime ou irregularidade no âmbito do caso Epstein.</li>



<li style="opacity: 0;" superb-addons-animation="fadeInDown"><strong>Visita a Palm Beach</strong>: O nome do cantor aparece num depoimento de 2016 de Johanna Sjoberg (uma das vítimas de Epstein). Ela afirmou ter conhecido Michael Jackson na mansão de Epstein em&nbsp;<strong>Palm Beach</strong>, na Flórida.</li>



<li style="opacity: 0;" superb-addons-animation="fadeInDown"><strong>Recusa de Massagem</strong>: No mesmo depoimento, quando questionada se tinha feito uma massagem a Michael Jackson, a testemunha respondeu negativamente.</li>



<li style="opacity: 0;" superb-addons-animation="fadeInDown"><strong>Sem Visitas à Ilha</strong>: Não há qualquer registo ou evidência nos diários de voo ou documentos oficiais de que Michael Jackson tenha visitado a ilha privada de Epstein (<em>Little Saint James</em>) ou participado nas suas festas.</li>



<li style="opacity: 0;" superb-addons-animation="fadeInDown"><strong>Fotos Recentes (2025/2026)</strong>: Novas divulgações de ficheiros revelaram fotografias de Michael Jackson em eventos sociais onde Epstein também estava presente, incluindo imagens com outras figuras públicas como&nbsp;<strong>Bill Clinton</strong>&nbsp;e&nbsp;<strong>Diana Ross</strong>.</li>
</ul>

<p>O Caso de 1993 (Jordan Chandler) A Acusação:&nbsp;O pai de Jordan Chandler, um adolescente de 13 anos, acusou o cantor de abuso sexual após os dois terem ficado amigos. O Desfecho:&nbsp;Não foram apresentadas queixas criminais na altura. Michael Jackson chegou a um&nbsp;acordo civil&nbsp;extrajudicial com a família, pagando cerca de&nbsp;23 a 25 milhões de dólares. O [&hellip;]</p>
